pose -19 = -3*k - 1. Let l(m) = m**2 - 5*m - 2. Let w be l(k). Suppose -y = w*y - h - 115, -5*h - 115 = -5*y. Is y composite?
False
Suppose -v - i + 15 = -3*v, 4*v = -i - 15. Let n(o) = 7*o**2 - 4*o + 6. Is n(v) composite?
True
Let f(g) be the third derivative of g**6/120 + 2*g**5/15 + g**4/4 - 7*g**3/6 + 4*g**2. Let c be f(-7). Suppose c = 4*i - 934 + 122. Is i a prime number?
False
Suppose -12 = -4*b, -5*b + b = 5*g - 982. Is g a composite number?
True
Suppose 0 = 4*h + u - 126, 2*h - h = 5*u + 42. Is 662*-4*(-4)/h a composite number?
False
Let o = -114 - -459. Let b be (4*o)/3 - -3. Let h = -44 + b. Is h prime?
True
Let v = 189 + -34. Suppose -2*d - 1 = -v. Is d composite?
True
Let v be 6 - (0 - (-3)/1). Suppose -543 = -v*i + 108. Is i prime?
False
Let c = -1 - -6. Suppose -2*u - 15 = -0*u + 3*j, c = -3*u - j. Suppose -i - 3*b + 16 = 0, u = 4*i + 4*b - 110 + 38. Is i a composite number?
False
Let t(r) = 4*r. Let l(o) = 5*o + 1. Let v(g) = -3*l(g) + 4*t(g). Let n be v(6). Suppose n*d - 49 = -a, 6 = -2*d - d. Is a prime?
False
Suppose -2*h - 2*h - 8 = 0. Let g = h + 6. Suppose g*x = 298 - 78. Is x composite?
True
Let i(m) = m**3 - 3*m**2 - 5*m - 15. Is i(8) composite?
True
Let n(p) = -2*p - 1. Let o be n(-2). Suppose 1 = -2*q + l + 14, -4*q + 31 = o*l. Is q prime?
True
Let v(l) = -15*l + 4. Is v(-3) composite?
True
Let j(x) = -x**2 + 7*x - 3. Let r be j(6). Is 124 + 2 + r + -2 prime?
True
Suppose q = -3*q + 68. Let c be q*2/((-2)/(-1)). Let v = 40 + c. Is v a composite number?
True
Let p = -1262 - -3361. Is p composite?
False
Let l = 4649 - 3135. Is l a prime number?
False
Let t(c) = -c + 1. Let a be t(-1). Let h(z) = 6*z**3 - z**2 - 2*z + 3. Is h(a) a prime number?
True
Let s be (-76)/(-10) + (-8)/(-20). Suppose 0 = -n - 4*t - 17, -n - 2*t - s = -t. Is (-2)/n + 193/5 a composite number?
True
Suppose -2*g - 4 = 0, -g - g - 170 = -2*b. Suppose -2*n + n = -b. Is n composite?
False
Let t(a) = -a**3 + 2*a**2 - 2*a + 1. Let i be t(1). Suppose -3*g + 24 = 3*c, 3*g + c + 16 = 6*c. Suppose i = x - 25 + g. Is x composite?
True
Let x = -7 + 14. Let l = x + 14. Is l a composite number?
True
Let a(v) = -v**2 + 10*v - 8. Let h be a(7). Suppose -5 = 4*f - h. Suppose 0 = -f*s + 2*o + 20, 0*s + 5*s = -5*o + 80. Is s composite?
False
Let v = 5 - 3. Suppose -2*x = -4 - v. Suppose -x*s + 129 = -138. Is s composite?
False
Suppose t + 2*t - 6 = 0. Is t prime?
True
Suppose -w = -0*w - 1. Is -1 - w/(1/(-26)) composite?
True
Let w = 276 + -62. Is w prime?
False
Let d be (-2)/(1584/789 - 2). Let c = d - -784. Is c prime?
True
Let x be (-4)/2*25/(-10). Let d = 72 + x. Is d a prime number?
False
Is (-11908)/(-36) - (-10)/45 a composite number?
False
Let k(g) = -3*g**2 + 8 + 2*g**3 + 4*g**2 - 3 - 3*g**2. Is k(5) prime?
False
Let y = -1264 + 2363. Is y prime?
False
Let g(s) = s**3 + 13*s**2 + 8*s - 5. Is g(-8) composite?
False
Suppose -4*x + 274 + 61 = l, 4*x = -2*l + 662. Is l a composite number?
True
Suppose k - 4*k + 1524 = 0. Suppose n = 5*n - k. Is n a composite number?
False
Suppose -3*x = 155 + 1. Let d = 811 + -524. Let l = d + x. Is l a composite number?
True
Suppose 2*m + 51 = -5*c, m - 20 - 4 = 2*c. Suppose -2*p + 60 = -0*p. Let t = c + p. Is t a composite number?
False
Let z(i) = -13*i - 5. Let v be z(6). Let q = -40 - v. Is q a composite number?
False
Suppose s + 20 = 6*s. Suppose -47 - 185 = -s*o. Is o a prime number?
False
Suppose -v - 87 = -2*v. Is v composite?
True
Suppose 2*z - 136 - 58 = 0. Is z composite?
False
Let n be (-1 + 0)*(-5)/1. Suppose 0 = 4*r - n - 23. Suppose 0 = -5*l - g + 92, -3*l - 3*g + r = -41. Is l a prime number?
True
Let l(n) = 10*n**2 + n + 1. Let j be l(-1). Suppose 0 = 5*b - 3*b - j. Suppose 2*r + 195 = b*r. Is r a prime number?
False
Let f(r) = 30*r**2 + 2*r - 1. Let q be f(1). Suppose -q = 3*n - 4*n. Is n prime?
True
Let n(u) = 2*u**2 + 8*u + 12. Is n(-5) a composite number?
True
Suppose -4*f - 16 = 0, v + 4*f - 2*f - 38 = 0. Let s = -156 - v. Let a = s - -365. Is a a prime number?
True
Suppose 778 - 11598 = -4*z. Is z composite?
True
Let c(n) = -3*n**2 + 15*n - 3. Let i be c(7). Is (-4)/18 + (-5995)/i prime?
False
Suppose -3*w + 4*o = -o - 30, -3*o + 6 = 3*w. Suppose 0 = -v + 5*p + 2 - 6, w*p - 22 = -2*v. Is v composite?
True
Let b be 4 + (2/1)/(-2). Suppose b*x + 2*x - 10 = 0. Suppose -7*j + 4*h = -3*j - 4, -3*j = -x*h - 8. Is j a prime number?
False
Suppose -3*v = x - 25 + 10, 5 = -x + 2*v. Suppose -4*s - 221 = -3*w, 5*w - 380 = -8*s + x*s. Suppose w = y + 4*y. Is y composite?
True
Let v(i) = -10*i**2 - 2*i**3 + 5 + 2*i**3 + 7*i - i**3. Is v(-11) prime?
False
Let w = 4 - 12. Let l(c) = 6*c**2 - 2*c - 5. Is l(w) a prime number?
False
Suppose 6*h = 3*x + 3*h - 3132, 25 = 5*h. Is x a prime number?
True
Suppose 3*u - 126 = -3*z, 40 = z - 4*u - 27. Is z a composite number?
False
Let k = 10 + -5. Suppose -3*t + k*t = 5*o + 73, -2 = -2*o. Is t composite?
True
Let t(d) = 2*d**2 + 2*d - 5. Let n be t(4). Let m be -2*36/(9/(-3)). Let f = n + m. Is f prime?
True
Let k = -13 - -35. Let v(m) = 5*m**2 + m - 1. Let q be v(3). Let j = q + k. Is j a prime number?
False
Suppose x - 16 = -3*x, 3*x - 14 = -c. Suppose b + 4*u - 255 = 0, -5*b + 3*u + c*u + 1175 = 0. Is b composite?
False
Let g be -8*(-2)/(-4)*1. Let h be (-96)/(-10) - g/10. Is 494/h + (-10)/25 a prime number?
False
Suppose 9*a = 28632 - 651. Is a a composite number?
False
Suppose -34 = -5*j - 5*n + 411, -5*j + 445 = -5*n. Is j prime?
True
Suppose 2*k + 2*x - 764 = 0, k - 3*x + 2*x - 392 = 0. Suppose -5*d = 20, -3*g + k - 124 = -2*d. Is g composite?
True
Suppose 5*v - 138 = -2*c, -v - 2*c + 38 = c. Is v composite?
True
Suppose -2*h + 4112 = -894. Is h a composite number?
False
Let p(o) = 10*o. Let u(d) = -20*d - 1. Let v(r) = 7*p(r) + 3*u(r). Is v(5) composite?
False
Suppose l - 137 = -32. Suppose -5*i + 167 = -z, -5*z + 2*z = -3*i + l. Is i prime?
False
Let z = -3 + 12. Let f(o) = 3*o + 8. Is f(z) prime?
False
Suppose -p - 3*p + 12 = 0. Suppose -2*i + p*i - 91 = 0. Is i a prime number?
False
Let p = 102 + -13. Is p a composite number?
False
Let t be (2 + (-14)/4)*10. Let h(a) = -a**2 - 21*a + 13. Is h(t) a prime number?
True
Let j(z) be the first derivative of 2*z**3 - z**2 + z - 1. Let a be j(1). Let c(d) = 2*d**2 - 6*d - 6. Is c(a) a composite number?
True
Let p(d) = -d**3 + d + 3. Let i be p(0). Let r = i - 0. Suppose -3*v - 3*l = -93, r*v = -0*v - 2*l + 95. Is v a composite number?
True
Let m(j) = -j**3 + 9*j**2 - 7*j + 2. Let o be m(8). Let i be 4 - 0 - (1 - 1). Suppose i*f = 3*f + o. Is f prime?
False
Suppose 2*y = -3*t + 281, 2*y - 5*t - 507 = -2*y. Is y/(-21)*(-1 - 2) a prime number?
True
Suppose 0*p + 1588 = 4*z - p, -3*z - p = -1191. Is z a composite number?
False
Suppose -4*q = -l - 23492, q = -q + 5*l + 11746. Is q a composite number?
True
Let v(x) = -x**3 + 5*x**2 + 6*x + 5. Let o be 224/36 - 2/9. Let d be v(o). Suppose d*y - 109 = -4*w, 3*y + 2*y + 108 = 3*w. Is w composite?
False
Suppose g = -g + 530. Is g a composite number?
True
Suppose 2*q - 5 + 1 = 0, -7 = -n - 4*q. Let w(r) = -5*r**2 - 1. Let d be w(n). Let p(g) = 5*g**2 + 8*g - 1. Is p(d) a prime number?
True
Is (32 + (-1)/(-1))*(-870)/(-90) prime?
False
Let b(j) = -j**2 - 3*j - 3. Suppose 0*h + 3*h - 14 = 2*s, 5*h = 4*s + 24. Let w(x) = x - 1. Let g(u) = s*w(u) - b(u). Is g(3) prime?
True
Suppose -3*s - 4 = 4*m + 7, 0 = -4*m - 5*s - 13. Let b be ((-3)/5)/(m/10). Suppose -5*d = 4*z - 222, -z = 3*d - b*z - 142. Is d a prime number?
False
Let y(x) = x**2 - 6*x + 0*x**3 + 3 + 7*x**3 - 3*x**3. Let o be (-4)/(-8) - (-7)/2. Is y(o) composite?
False
Let d(a) = -a + 2. Let o be d(-1). Suppose f - 14 = o*t, -f + 2*t = -4*f + 31. Is f a composite number?
False
Let p(r) be the third derivative of -r**7/840 + r**6/144 - r**5/30 - 3*r**2. Let n(j) be the third derivative of p(j). Is n(-8) prime?
True
Let h = -331 + 542. Is h composite?
False
Let k(d) = 10*d**3 - 4*d**2 + 3*d. Let t be k(2). Suppose -2*i = -t - 36. Is i prime?
True
Let s = -25 - -27. Suppose -3*n + 4*n = s*g + 87, 0 = -g - 5. Is n composite?
True
Suppose 1630 = 2*x - 0*x. Suppose 2*u + x = 7*u. Is u a composite number?
False
Suppose 4*c = -2*g + 32, 2*c + c = 2*g + 24. Suppose 0 = -3*d + c*d - 355. Is d a composite number?
False
Let m = -2598 - -3749.